{"id":1922,"date":"2025-10-23T10:24:00","date_gmt":"2025-10-23T07:24:00","guid":{"rendered":"https:\/\/www.pensselitehdas.fi\/?page_id=1922"},"modified":"2025-11-10T16:30:51","modified_gmt":"2025-11-10T14:30:51","slug":"porvoon-varjot","status":"publish","type":"page","link":"https:\/\/www.pensselitehdas.fi\/index.php\/porvoon-varjot\/","title":{"rendered":"Porvoon Varjot"},"content":{"rendered":"\t\t<div data-elementor-type=\"wp-page\" data-elementor-id=\"1922\" class=\"elementor elementor-1922\" data-elementor-post-type=\"page\">\n\t\t\t\t<div class=\"elementor-element elementor-element-63a58de e-flex e-con-boxed e-con e-parent\" data-id=\"63a58de\" data-element_type=\"container\" data-e-type=\"container\">\n\t\t\t\t\t<div class=\"e-con-inner\">\n\t\t\t\t<div class=\"elementor-element elementor-element-31564650 elementor-widget-divider--view-line elementor-widget elementor-widget-divider\" data-id=\"31564650\" data-element_type=\"widget\" data-e-type=\"widget\" data-widget_type=\"divider.default\">\n\t\t\t\t<div class=\"elementor-widget-container\">\n\t\t\t\t\t\t\t<div class=\"elementor-divider\">\n\t\t\t<span class=\"elementor-divider-separator\">\n\t\t\t\t\t\t<\/span>\n\t\t<\/div>\n\t\t\t\t\t\t<\/div>\n\t\t\t\t<\/div>\n\t\t\t\t\t<\/div>\n\t\t\t\t<\/div>\n\t\t<div class=\"elementor-element elementor-element-6ac8806 e-flex e-con-boxed e-con e-parent\" data-id=\"6ac8806\" data-element_type=\"container\" data-e-type=\"container\">\n\t\t\t\t\t<div class=\"e-con-inner\">\n\t\t\t\t<div class=\"elementor-element elementor-element-9508859 elementor-widget elementor-widget-text-editor\" data-id=\"9508859\" data-element_type=\"widget\" data-e-type=\"widget\" data-widget_type=\"text-editor.default\">\n\t\t\t\t<div class=\"elementor-widget-container\">\n\t\t\t\t\t\t\t\t\t<p class=\"p1\" style=\"text-align: center;\">\u00a0<\/p><h5 style=\"text-align: center;\">Varjo liittyy germaanisiin kieliin ja sen alkuper\u00e4inen merkitys on jokin suojassa oleva paikka.<br \/>Varjo on ymp\u00e4rist\u00f6\u00e4\u00e4n h\u00e4m\u00e4r\u00e4mpi tila tai ala, joka muodostuu osin tai kokonaan valoa l\u00e4p\u00e4isem\u00e4tt\u00f6m\u00e4n esineen taakse.<br \/>Varjo voi tarkoittaa my\u00f6s suoraa tai v\u00e4lillist\u00e4 vaikutusta tai tilannetta, jossa jokin asia j\u00e4tt\u00e4\u00e4 j\u00e4lkeens\u00e4 vaikutuksensa.<br \/>Kolmip\u00e4iv\u00e4inen Porvoon Varjot -tapahtuma Pensselitehtaalla 14.-16.11. nostaa esiin monipuolisen kattauksen laadukasta musiikkia marginaalien varjoista.<br \/>\u00a0<\/h5>\t\t\t\t\t\t\t\t<\/div>\n\t\t\t\t<\/div>\n\t\t\t\t<div class=\"elementor-element elementor-element-5eaeb69 elementor-widget elementor-widget-image\" data-id=\"5eaeb69\" data-element_type=\"widget\" data-e-type=\"widget\" data-widget_type=\"image.default\">\n\t\t\t\t<div class=\"elementor-widget-container\">\n\t\t\t\t\t\t\t\t\t\t\t\t\t\t\t<img fetchpriority=\"high\" decoding=\"async\" width=\"640\" height=\"1024\" src=\"https:\/\/www.pensselitehdas.fi\/wp-content\/uploads\/2025\/10\/09-varjot_launch_jule-640x1024.jpg\" class=\"attachment-large size-large wp-image-1924\" alt=\"\" srcset=\"https:\/\/www.pensselitehdas.fi\/wp-content\/uploads\/2025\/10\/09-varjot_launch_jule-640x1024.jpg 640w, https:\/\/www.pensselitehdas.fi\/wp-content\/uploads\/2025\/10\/09-varjot_launch_jule-188x300.jpg 188w, https:\/\/www.pensselitehdas.fi\/wp-content\/uploads\/2025\/10\/09-varjot_launch_jule-768x1229.jpg 768w, https:\/\/www.pensselitehdas.fi\/wp-content\/uploads\/2025\/10\/09-varjot_launch_jule-960x1536.jpg 960w, https:\/\/www.pensselitehdas.fi\/wp-content\/uploads\/2025\/10\/09-varjot_launch_jule-1280x2048.jpg 1280w, https:\/\/www.pensselitehdas.fi\/wp-content\/uploads\/2025\/10\/09-varjot_launch_jule-scaled.jpg 1600w\" sizes=\"(max-width: 640px) 100vw, 640px\" \/>\t\t\t\t\t\t\t\t\t\t\t\t\t\t\t<\/div>\n\t\t\t\t<\/div>\n\t\t\t\t<div class=\"elementor-element elementor-element-841fb29 elementor-widget elementor-widget-text-editor\" data-id=\"841fb29\" data-element_type=\"widget\" data-e-type=\"widget\" data-widget_type=\"text-editor.default\">\n\t\t\t\t<div class=\"elementor-widget-container\">\n\t\t\t\t\t\t\t\t\t<h2>&nbsp;<\/h2>\n<h2 class=\"p1\">PE 14.11: KAUKOLAMPI, NRTTU<\/h2>\n<p class=\"p1\"><strong>KAUKOLAMPI<\/strong><\/p>\n<p class=\"p1\">Mit\u00e4 syntyy, kun yhdistet\u00e4\u00e4n kosmisen musiikin huumaavuus teknon viskeraaliseen vaikutukseen ja metallin intensiteetti dark ambientin kuohuvaan voimaan? Vastaus l\u00f6ytyy Timo Kaukolammen diskografiasta.<\/p>\n<p class=\"p1\">K-X-P:n (jonka albumeita ovat ylist\u00e4neet mm. Pitchfork, MOJO ja The Quietus) perustajana Kaukolampi on julkaissut nelj\u00e4 albumia kokeellisen elektronisen trion kanssa.<\/p>\n<p class=\"p1\">Vaikka h\u00e4nen soolomateriaalinsa ammentaa vaikutteita 1970-luvun berliinil\u00e4isest\u00e4 koulukunnasta minimalistisiin mestareihin, kuten \u00c9liane Radigueen, se kuulostaa silti j\u00e4nnitt\u00e4v\u00e4n uudelta. Karuja instrumentaalikappaleita kerrostavat bassoiset syvyydet ja kimaltelevat huiput, joissa on sokkeloisten, keskuksettomien elektronisten polkujen verkostoja \u2013 onko musiikki koskaan kuulostanut n\u00e4in murskaavalta?<\/p>\n<p class=\"p1\">Taiteilijalle, jolla on niin tarkka korva atmosf\u00e4\u00e4reille, ei ole yll\u00e4tt\u00e4v\u00e4\u00e4, kuinka luontevasti h\u00e4n mukautui soundtrackien tekemiseen. Usein K-X-P-j\u00e4senens\u00e4 Tuomo Purasen kanssa yhteisty\u00f6ss\u00e4 parivaljakko loi &#8220;syntetisaattoripainotteista&#8221; musiikkia sek\u00e4 televisioon ett\u00e4 elokuviin ja voitti jopa Jussi-palkinnon parhaasta alkuper\u00e4ismusiikista vuonna 2018 (kappaleelle Euthanizer).<\/p>\n<p class=\"p1\">Lis\u00e4\u00e4 soolomateriaalia on tuloillaan, toinen K-X-P-albumi on ty\u00f6n alla kuten my\u00f6s lis\u00e4\u00e4 soundtrackej\u00e4 &#8211; Kaukolammen tuotanto on osoitus paitsi ty\u00f6etiikasta my\u00f6s v\u00e4sym\u00e4tt\u00f6m\u00e4n luovasta hengest\u00e4.<\/p>\n<p class=\"p2\"><a href=\"https:\/\/kaukolampi.space\/\">https:\/\/kaukolampi.space\/<\/a><\/p>\n<p class=\"p1\"><strong>NRTTU<\/strong> on tehnyt itselleen nimen DJ:n\u00e4, joka yhdistelee soundeja Detroitista Berliiniin, aina diipimp\u00e4\u00e4n ambienttiin asti. Radio Doubleclap:lla h\u00e4nell\u00e4 onohjelma nimelt\u00e4 &#8220;Bunker Echo&#8221;.<\/p>\n<p class=\"p1\">Nimet kuten Oscar Mulero, Ben Klock, DVS1, R\u00f8dh\u00e5d ovat miehen suuria esikuvia.<\/p>\n<p class=\"p2\"><a href=\"https:\/\/soundcloud.com\/markku-kivel?\">https:\/\/soundcloud.com\/markku-kivel?<\/a><\/p>\n<h2 class=\"p1\">LA 15.11: K\u00dcR\u00d8ISHI , SURUNAAMIO, VAINOA<\/h2>\n<p class=\"p1\"><strong>K\u00dcR\u00d8ISHI<\/strong><\/p>\n<p class=\"p1\">Oululainen D-beat hardcore punk-yhtye K\u00fcr\u00f8ishi perustettiin Terveet K\u00e4det-j\u00e4senien toimesta 2016 edellisen lopetettua toimintansa. Debyyttialbumi Poverty. Ignorance. Greed. Slavery. julkaistiin Japanissa ja Yhdysvalloissa kev\u00e4\u00e4ll\u00e4 2017, mist\u00e4 l\u00e4htien yhtyeen sekoitus skandinaavista \u00e4\u00e4rimetallia ja japanilaista hardcorea on puskenut v\u00e4\u00e4j\u00e4\u00e4m\u00e4tt\u00e4 omaa latuaan ymp\u00e4ri maailman.<\/p>\n<p class=\"p1\">2019 julkaistu kakkoslevy Sound the Alarm toi soppaan aineksia 90-luvun ruotsalaisesta metalliskenest\u00e4 ja 2023 julkaisu K\u00e4\u00e4rme Sis\u00e4ll\u00e4si, Myrkytt\u00e4\u00e4 Maailmani kumarsi enemm\u00e4n modernin D-beatin suuntaan.<\/p>\n<p class=\"p1\">Yhtye on kiert\u00e4nyt uusimman Egocide of the Warmad -albuminsa suomea ja saapuu Pensselitehtaalle melkolailla suoraan 10-keikan mittaiselta Engalnnin kiertueelta.<\/p>\n<p class=\"p2\"><a href=\"https:\/\/linktr.ee\/kuroishidbeat\">https:\/\/linktr.ee\/kuroishidbeat<\/a><\/p>\n<p class=\"p1\"><strong>SURUNAAMIO<\/strong><\/p>\n<p class=\"p1\">Surunaamion taustalta l\u00f6ytyy pitk\u00e4n linjan muusikko ja tatuointitaiteilija Kalle Koo. Musiikkipiireiss\u00e4 Kalle on viimeksi tullut tutuksi At The Hollow -trion keulakuvana ja biisin kirjoittajana. Levyn musiikissa yhdistyy niin Apulannan Kiila -levyn raaka herkkyys ja punkhenki, kuin Dissectionin Reinkaos -levyn raskas melodisuus. Rummut ly\u00f6v\u00e4t raskaasti, riffit viilt\u00e4v\u00e4t ja laulut kantavat.<\/p>\n<p class=\"p1\">Raskaasta pinnasta huolimatta, Surunaamio tarjoaa my\u00f6s laulujen osalta Juha Tapion kaltaista tummansinist\u00e4 iskelm\u00e4llist\u00e4 melankoliaa. Surunaamion kokonaisuus ei siis istu mihink\u00e4\u00e4n yksitt\u00e4iseen tyylilajiin, vaan ottaa vaikutteita eri suunnista ja tekee siit\u00e4 jotain omaa. Valoa, varjoa ja kaikkia n\u00e4iden v\u00e4liin j\u00e4\u00e4vi\u00e4 harmaita s\u00e4vyj\u00e4.<\/p>\n<p class=\"p2\"><a href=\"https:\/\/surunaamio.bandcamp.com\/album\/surunaamio\">https:\/\/surunaamio.bandcamp.com\/album\/surunaamio<\/a><\/p>\n<p class=\"p1\"><strong>VAINOA<\/strong> on 2016 Helsingiss\u00e4 perustettu blackened hardcore -yhtye.Yhtyeen musiikki ammentaa vaikutteita niin hardcoresta, crust-punkista, black metalista, post-metalista kuin sludgesta. Yhtyeen viimeisin julkaisu \u201dPelon Varjo\u201d (2021, Suicide Records) on kompakti paketti aggressiivista blast- ja d- beatia, massiivisesti vy\u00f6rivi\u00e4 kielisoittimia sek\u00e4 riipivien huutojen siivitt\u00e4m\u00e4\u00e4 tykityst\u00e4.<\/p>\n<p class=\"p1\">Vainoaa on kuvailtu mediassa seuraavasti:<\/p>\n<p class=\"p1\">\u201dN\u00e4in synk\u00e4n ja omaleimaisen musiikin luulisi olevan kovaa valuuttaa alan piireiss\u00e4.\u201d -Kaaoszine<\/p>\n<p class=\"p1\">\u201dA punishing, ruthless and unforgiving five track affair, it demonstrates that there isn\u2019t smoke without fire and that it is perfectly possible to blend Black<\/p>\n<p class=\"p1\">Metal ferocity with Hardcore Punk in an abrasive style at breakneck speed\u201d<\/p>\n<p class=\"p1\">-Metal Noise<\/p>\n<p class=\"p1\">\u201d\u2026se on niin mustunutta, ett\u00e4 kirkon hiilloksella voisi hyvinkin k\u00e4rist\u00e4\u00e4 ev\u00e4s-<\/p>\n<p class=\"p1\">Campingit: joukkoon on eksynyt muutama niin mainio bl\u00e4kkisriffi ja leadi, ett\u00e4 huonompienkin varaan on rakennettu kokonaisia mustan metallin pitk\u00e4soittoja\u201d.<\/p>\n<p class=\"p1\">-Imperiumi<\/p>\n<p class=\"p2\"><a href=\"https:\/\/vainoayhtye.bandcamp.com\/\">https:\/\/vainoayhtye.bandcamp.com\/<\/a><\/p>\n<h2 class=\"p1\">SU 16.11: THE MOONTWINS, SAMAE KOSKINEN<\/h2>\n<p class=\"p1\">Maailmassa ei ole aiemmin ollut kovin montaa s\u00e4hk\u00f6kitara, jalkarumpu, haitari duoa: nyt on, <strong>THE MOONTWINS<\/strong>. Yhtyeen muodostavat 22 Pistepirkko -yhtyeen laulajana ja kitaristina tutuksi tullut PK Ker\u00e4nen ja haitaristi-kansanmuusikko Leija Lautamaja.<\/p>\n<p class=\"p1\">Musiikillisesti The Moontwins asettuu maailmanlaajuisten indie\/alternative ja folk rock -perinteiden jatkumoon ennenn\u00e4kem\u00e4tt\u00f6m\u00e4n laajassa mittakaavassa, sill\u00e4 soundinsa, kokoonpanonsa ja biisimateriaalinsa puolesta b\u00e4ndi voi esiinty\u00e4 miss\u00e4 tahansa pienist\u00e4 punk-klubeista isoihin rock-, pop- ja folkfestivaalilavoihin. PK Ker\u00e4sen ainutlaatuinen laulu- ja kitaransoittotyyli yhdistettyn\u00e4 Leija Lautamajan taianomaisen melankoliseen haitariin sek\u00e4 taustalauluihin luo kokonaan uuden soundi-ilmaston, joka hakee monipuolisuudessaan ja tarttumapinnassaan vertaistaan.<\/p>\n<p class=\"p2\"><a href=\"https:\/\/www.instagram.com\/them00ntwins\/\">https:\/\/www.instagram.com\/them00ntwins\/<\/a><\/p>\n<p class=\"p1\"><strong>SAMAE KOSKINEN<\/strong><\/p>\n<p class=\"p1\">Samae Koskinen aloitti uransa englanninkielisen indie-yhtyeen keulilta, mutta huomasi pian olevansa keskell\u00e4 suomenkielist\u00e4 soolouraa. Ensimm\u00e4isen levynradiohitti \u201cH\u00e4n asuu n\u00e4ill\u00e4 kulmilla\u201d ja sit\u00e4 seuranneen \u201cElossa\u201d-albumin Emma-ehdokkuus saivat pian jatkoa sarjasta hienoja lauluja ja konsertteja. Samae on esiintynyt jo vuosia yksin akustisen kitaran, tai vaihtelevan kokoonpanon kanssa ymp\u00e4ri Suomea hyvin mukautuvasti kirjastoista ja pubeista suuriin konserttisaleihin.<\/p>\n<p class=\"p1\">Samae Koskinen on esiintynyt s\u00e4\u00e4nn\u00f6llisesti my\u00f6s televisiossa, muun muassa juontaen YLElle Ruoka-Suomi -dokumenttisarjan. Lis\u00e4ksi h\u00e4n on kirjoittanut lauluja Anna Puulle, Arttu Wiskarille ja Ellinooralle. H\u00e4n on vieraillut Ruger Hauerin ja Kauko R\u00f6yhk\u00e4 &amp; Riku Mattilan albumeilla ja tuottanut Jarkko Martikaista, Hero Dishonestia ja Circle\u00e4.<\/p>\n<p class=\"p2\"><a href=\"https:\/\/www.samaekoskinen.com\">https:\/\/www.samaekoskinen.com<\/a><\/p>\n<h3>TAPAHTUMAAN ON VAPAA P\u00c4\u00c4SY!<\/h3>\t\t\t\t\t\t\t\t<\/div>\n\t\t\t\t<\/div>\n\t\t\t\t\t<\/div>\n\t\t\t\t<\/div>\n\t\t\t\t<\/div>\n\t\t","protected":false},"excerpt":{"rendered":"<p>\u00a0 Varjo liittyy germaanisiin kieliin ja sen alkuper\u00e4inen merkitys on jokin suojassa oleva paikka.Varjo on ymp\u00e4rist\u00f6\u00e4\u00e4n h\u00e4m\u00e4r\u00e4mpi tila tai ala, joka muodostuu osin tai kokonaan valoa l\u00e4p\u00e4isem\u00e4tt\u00f6m\u00e4n esineen taakse.Varjo voi tarkoittaa my\u00f6s suoraa tai v\u00e4lillist\u00e4 vaikutusta tai tilannetta, jossa jokin asia j\u00e4tt\u00e4\u00e4 j\u00e4lkeens\u00e4 vaikutuksensa.Kolmip\u00e4iv\u00e4inen Porvoon Varjot -tapahtuma Pensselitehtaalla 14.-16.11. nostaa esiin monipuolisen kattauksen laadukasta musiikkia [&hellip;]<\/p>\n","protected":false},"author":1,"featured_media":0,"parent":0,"menu_order":0,"comment_status":"closed","ping_status":"closed","template":"","meta":{"footnotes":""},"class_list":["post-1922","page","type-page","status-publish","hentry"],"_links":{"self":[{"href":"https:\/\/www.pensselitehdas.fi\/index.php\/wp-json\/wp\/v2\/pages\/1922","targetHints":{"allow":["GET"]}}],"collection":[{"href":"https:\/\/www.pensselitehdas.fi\/index.php\/wp-json\/wp\/v2\/pages"}],"about":[{"href":"https:\/\/www.pensselitehdas.fi\/index.php\/wp-json\/wp\/v2\/types\/page"}],"author":[{"embeddable":true,"href":"https:\/\/www.pensselitehdas.fi\/index.php\/wp-json\/wp\/v2\/users\/1"}],"replies":[{"embeddable":true,"href":"https:\/\/www.pensselitehdas.fi\/index.php\/wp-json\/wp\/v2\/comments?post=1922"}],"version-history":[{"count":19,"href":"https:\/\/www.pensselitehdas.fi\/index.php\/wp-json\/wp\/v2\/pages\/1922\/revisions"}],"predecessor-version":[{"id":1999,"href":"https:\/\/www.pensselitehdas.fi\/index.php\/wp-json\/wp\/v2\/pages\/1922\/revisions\/1999"}],"wp:attachment":[{"href":"https:\/\/www.pensselitehdas.fi\/index.php\/wp-json\/wp\/v2\/media?parent=1922"}],"curies":[{"name":"wp","href":"https:\/\/api.w.org\/{rel}","templated":true}]}}