{"id":2089,"date":"2026-02-02T17:21:43","date_gmt":"2026-02-02T15:21:43","guid":{"rendered":"https:\/\/www.pensselitehdas.fi\/?page_id=2089"},"modified":"2026-04-07T17:13:03","modified_gmt":"2026-04-07T14:13:03","slug":"kasityo-taidefestarit","status":"publish","type":"page","link":"https:\/\/www.pensselitehdas.fi\/index.php\/kasityo-taidefestarit\/","title":{"rendered":"Pensselitehtaan K\u00e4sity\u00f6- ja taidefestarit"},"content":{"rendered":"\t\t<div data-elementor-type=\"wp-page\" data-elementor-id=\"2089\" class=\"elementor elementor-2089\" data-elementor-post-type=\"page\">\n\t\t\t\t<div class=\"elementor-element elementor-element-ffdbfb3 e-flex e-con-boxed e-con e-parent\" data-id=\"ffdbfb3\" data-element_type=\"container\" data-e-type=\"container\">\n\t\t\t\t\t<div class=\"e-con-inner\">\n\t\t\t\t<div class=\"elementor-element elementor-element-61f8aac elementor-widget elementor-widget-heading\" data-id=\"61f8aac\" data-element_type=\"widget\" data-e-type=\"widget\" data-widget_type=\"heading.default\">\n\t\t\t\t<div class=\"elementor-widget-container\">\n\t\t\t\t\t<h2 class=\"elementor-heading-title elementor-size-default\">Pensselitehtaan k\u00e4sity\u00f6- ja taidefestarit<br>12.4.2026 klo 11-17<\/h2>\t\t\t\t<\/div>\n\t\t\t\t<\/div>\n\t\t\t\t\t<\/div>\n\t\t\t\t<\/div>\n\t\t<div class=\"elementor-element elementor-element-2298184 e-flex e-con-boxed e-con e-parent\" data-id=\"2298184\" data-element_type=\"container\" data-e-type=\"container\">\n\t\t\t\t\t<div class=\"e-con-inner\">\n\t\t\t\t<div class=\"elementor-element elementor-element-c78c709 elementor-widget elementor-widget-image\" data-id=\"c78c709\" data-element_type=\"widget\" data-e-type=\"widget\" data-widget_type=\"image.default\">\n\t\t\t\t<div class=\"elementor-widget-container\">\n\t\t\t\t\t\t\t\t\t\t\t\t\t\t\t<img fetchpriority=\"high\" decoding=\"async\" width=\"800\" height=\"732\" src=\"https:\/\/www.pensselitehdas.fi\/wp-content\/uploads\/2026\/02\/Pensselitehtaan-kasityo-ja-taidefestarit_crop.jpg\" class=\"attachment-large size-large wp-image-2091\" alt=\"\" srcset=\"https:\/\/www.pensselitehdas.fi\/wp-content\/uploads\/2026\/02\/Pensselitehtaan-kasityo-ja-taidefestarit_crop.jpg 861w, https:\/\/www.pensselitehdas.fi\/wp-content\/uploads\/2026\/02\/Pensselitehtaan-kasityo-ja-taidefestarit_crop-300x275.jpg 300w, https:\/\/www.pensselitehdas.fi\/wp-content\/uploads\/2026\/02\/Pensselitehtaan-kasityo-ja-taidefestarit_crop-768x703.jpg 768w\" sizes=\"(max-width: 800px) 100vw, 800px\" \/>\t\t\t\t\t\t\t\t\t\t\t\t\t\t\t<\/div>\n\t\t\t\t<\/div>\n\t\t\t\t\t<\/div>\n\t\t\t\t<\/div>\n\t\t<div class=\"elementor-element elementor-element-8b6aea8 e-grid e-con-boxed e-con e-parent\" data-id=\"8b6aea8\" data-element_type=\"container\" data-e-type=\"container\">\n\t\t\t\t\t<div class=\"e-con-inner\">\n\t\t\t\t<div class=\"elementor-element elementor-element-b005c38 elementor-widget elementor-widget-text-editor\" data-id=\"b005c38\" data-element_type=\"widget\" data-e-type=\"widget\" data-widget_type=\"text-editor.default\">\n\t\t\t\t<div class=\"elementor-widget-container\">\n\t\t\t\t\t\t\t\t\t<h3 style=\"text-align: left;\">Porvoon Pensselitehtaalla j\u00e4rjestet\u00e4\u00e4n k\u00e4sity\u00f6- ja taidefestarit!\u00a0<\/h3><p><em>Sunnuntaina 12.4.2026 klo 11\u201317.<\/em><\/p><p><span style=\"font-size: 16px;\">N\u00e4m\u00e4 k\u00e4sity\u00f6t\u00e4 ja taidetta yhdist\u00e4v\u00e4t festarit ovat muutakin kuin myyj\u00e4iset. Tapahtuma kokoaa l\u00e4hialueen harrastajat ja ammattilaiset yhteen luovan kulttuurin \u00e4\u00e4relle ja tarjoaa festarik\u00e4vij\u00f6ille mahdollisuuksia innostua ja onnistua, itse tehden tai toisten taitoja tukien.<\/span><\/p><p><span style=\"font-size: 16px;\">N\u00e4ytteilleasettajiksi on ilmoittautunut monipuolinen kattaus harrastajia ja ammattilaisia myym\u00e4\u00e4n k\u00e4sit\u00f6it\u00e4, taideteoksia ja designia sek\u00e4 k\u00e4sity\u00f6- ja taidetarvikkeiden myyji\u00e4.\u00a0<\/span><\/p><p><span style=\"font-size: 16px;\">Ostosten lis\u00e4ksi tarjolla on matalan kynnyksen ty\u00f6pajoja, joissa taidetta p\u00e4\u00e4see tekem\u00e4\u00e4n itsekin. Ty\u00f6pajoista lis\u00e4\u00e4 alla.<\/span><\/p><p><strong>Vapaa p\u00e4\u00e4sy \u2013 tervetuloa Pensselitehtaalle!\u00a0<\/strong><\/p><p>&#8212;&#8212;&#8211;<\/p><p><em><span style=\"font-size: 16px;\">Suuren suosion vuoksi ilmoittautuminen tapahtuman n\u00e4ytteilleasettajaksi on p\u00e4\u00e4ttynyt. Voit kysy\u00e4 mahdollisia peruutuspaikkoja osoitteesta <a href=\"mailto:emmi.paunonen@pensselitehdas.fi\">emmi.paunonen@pensselitehdas.fi<\/a>.<\/span><\/em><\/p><p>&#8212;&#8212;&#8211;<\/p><div style=\"text-align: left;\"><h4><span style=\"font-weight: 400;\">Ty\u00f6pajat:<\/span><\/h4><h5><strong><a href=\"https:\/\/www.lovisavi.fi\/\" target=\"_blank\" rel=\"noopener\">LOVISAVI<\/a>: NIPISTELE OMA KULHOSI -MINIKURSSI\u00a0<\/strong><\/h5><p><span style=\"font-weight: 400;\">Ota mukaan yst\u00e4v\u00e4si ja tulkaa yhdess\u00e4 kokeilemaan savihommia ja nipistelytekniikkaa matalalla kynnyksell\u00e4!\u00a0<\/span><\/p><p><span style=\"font-weight: 400;\">Tervetuloa Nipistele oma kulhosi -workshopiin Pensselitehtaan k\u00e4sity\u00f6- ja taidefestareille. Hinta per keramiikkaesine on 20 \u20ac (sis. alv 25,5 %, ohjaus, savi, valkoinen lasitus ja keramiikkapoltot) ja maksetaan paikan p\u00e4\u00e4ll\u00e4 kortilla, k\u00e4teisell\u00e4 tai virike-eduilla.\u00a0<\/span><\/p><p><span style=\"font-weight: 400;\">Minikurssin ohjaajana toimii keramiikka-artesaani Janine Bergstr\u00f6m, yritt\u00e4j\u00e4 LoviSavi keramiikkapajan sek\u00e4 Senap Ceramicsin takana. Ohjausta saatavilla sek\u00e4 suomeksi ett\u00e4 ruotsiksi.\u00a0<\/span><\/p><p><span style=\"font-weight: 400;\">Valmiit kulhot voi noutaa LoviSavi keramiikkapajalta Loviisasta noin 2 kk kuluttua workshopista. Postitus on my\u00f6s mahdollinen.\u00a0<\/span><\/p><p><span style=\"font-weight: 400;\">Workshop #1 klo 13 ja workshop #2 klo 15.<\/span><\/p><p><span style=\"font-weight: 400;\">Workshopin kesto on noin 45 min\u20131 h.<\/span><\/p><p><span style=\"font-weight: 400;\">Ilmoittaudu mukaan workshopiin osoitteessa <a href=\"http:\/\/www.varaaheti.fi\/lovisavi\" target=\"_blank\" rel=\"noopener\">varaaheti.fi\/lovisavi<\/a> tai l\u00e4hett\u00e4m\u00e4ll\u00e4 viesti osoitteeseen <a href=\"mailto:janine@lovisavi.fi\" target=\"_blank\" rel=\"noopener\">janine@lovisavi.fi<\/a>. Muutama paikka j\u00e4tet\u00e4\u00e4n my\u00f6s walk in -ilmoittautujille tapahtumap\u00e4iv\u00e4lle!<\/span><\/p><p>&#8212;&#8212;&#8211;<\/p><h5><strong>RIEMUAURINKO: MARMORI-KUVATAIDETAULU<\/strong><\/h5><p><span style=\"font-weight: 400;\">Tule luomaan oma uniikki marmori-kuvataideteos!\u00a0<\/span><\/p><p><span style=\"font-weight: 400;\">T\u00e4ss\u00e4 hauskassa ja rennossa ty\u00f6pajassa p\u00e4\u00e4set maalaamaan pienen (15 x 15 cm) canvas-taulun marmoritekniikalla. Saat valita mieluisat v\u00e4rit akryyleista ja sotkea itse v\u00e4rit partavaahtoon. Ty\u00f6paja ei vaadi aikaisempaa kokemusta taiteen tekemisest\u00e4. Ty\u00f6paja soveltuu niin lapsille kuin aikuisille! Voit osallistua ty\u00f6pajaan joustavasti klo 12\u201315 v\u00e4lill\u00e4. Yhden taulun tekeminen kest\u00e4\u00e4 noin 15 minuuttia, jonka j\u00e4lkeen ty\u00f6 j\u00e4tet\u00e4\u00e4n kuivumaan (n. 30 min).<\/span><\/p><p><span style=\"font-weight: 400;\">Hinta: 10 \u20ac \/ yksi taulu.\u00a0<br \/><\/span><span style=\"font-weight: 400;\">Maksu: MobilePay tai tilisiirto.<br \/><\/span><span style=\"font-weight: 400;\">Ei tarvitse ilmoittautua ennakkoon.<\/span><\/p><p>&#8212;&#8212;&#8211;<\/p><h5><strong><a href=\"https:\/\/www.minuus.fi\/\" target=\"_blank\" rel=\"noopener\">MINUUS OY<\/a>: USKALLA KOKEILLA -LUOVUUSTY\u00d6PAJA<\/strong><\/h5><p><span style=\"font-weight: 400;\">Ty\u00f6paja luovuuden her\u00e4tt\u00e4miseksi. Ty\u00f6pajassa tehd\u00e4\u00e4n harjoitus, jossa on 6 erilaista ohjaajan ohjaamaa vaihetta. Mit\u00e4\u00e4n osaamista tai aiempaa kokemusta ei tarvita, eik\u00e4 t\u00e4ss\u00e4 ty\u00f6skentelyss\u00e4 ehdi olemaan itsekriittinen, kun se koko ajan muuttuu. Ty\u00f6pajan tarkoitus on poistaa luovuuslukkoja ja tarjota mahdollisuus kokeilla eri tekniikoin teht\u00e4v\u00e4\u00e4 taidetta paperille.<\/span><\/p><p><span style=\"font-weight: 400;\">Workshop #1 klo 12 ja workshop #2 klo 14.<\/span><\/p><p><span style=\"font-weight: 400;\">Sopii kaikenik\u00e4isille, kesto 1 h.<br \/><\/span><span style=\"font-weight: 400;\">Hinta 20 \u20ac.<\/span><\/p><p><span style=\"font-weight: 400;\">Varmista paikkasi ennakkoon l\u00e4hett\u00e4m\u00e4ll\u00e4 s\u00e4hk\u00f6postia <a href=\"mailto:laura@minuus.fi\">laura@minuus.fi<\/a>.<\/span><\/p><p>&#8212;&#8212;&#8211;<\/p><h5><strong><a href=\"https:\/\/www.norahelsinki.com\/\" target=\"_blank\" rel=\"noopener\">NORA HELSINKI<\/a> &amp; <a href=\"https:\/\/porvoontaideyhdistys.fi\/\" target=\"_blank\" rel=\"noopener\">PORVOON TAIDEYHDISTYKSEN<\/a> 60. JUHLAVUODEN TARRATY\u00d6PAJA:<\/strong><\/h5><p><span style=\"font-weight: 400;\">Tule tekem\u00e4\u00e4n itse tarra!\u00a0<\/span><\/p><p><span style=\"font-weight: 400;\">Nora Helsingin myyntip\u00f6yd\u00e4n yhteydess\u00e4 non-stop maksuton tarraty\u00f6paja. Ty\u00f6v\u00e4linein\u00e4 tussit, maalitussit, sakset, tarrapaperi ja kontaktimuovi.\u00a0<\/span><\/p><p><span style=\"font-weight: 400;\">Hinta 0 \u20ac. Alle 10-vuotiaat vain aikuisen seurassa. <br \/>Voit osallistua joustavasti klo 11\u201313 ja 15\u201316.30 v\u00e4lill\u00e4. Ei tarvitse ilmoittautua ennakkoon. <\/span><\/p><p><span style=\"font-weight: 400;\">Tarran saa heti mukaan!<\/span><\/p><\/div><p>&#8212;&#8212;&#8211;<\/p><h4><strong>Kaikki n\u00e4ytteilleasettajat:<\/strong><\/h4><p><a href=\"https:\/\/www.instagram.com\/annariina.alander\/\" target=\"_blank\" rel=\"noopener\"><span style=\"font-weight: 400;\">Annariina Alander tmi\u00a0<\/span><\/a><\/p><p><a href=\"https:\/\/www.instagram.com\/anumykra_art\/\" target=\"_blank\" rel=\"noopener\"><span style=\"font-weight: 400;\">Anumykra_art\u00a0<\/span><\/a><\/p><p><a href=\"https:\/\/linktr.ee\/andi.north\" target=\"_blank\" rel=\"noopener\"><span style=\"font-weight: 400;\">Arch\u00e9 Photography<\/span><\/a><\/p><p>Arin Puukko<\/p><p><a href=\"https:\/\/www.etsy.com\/shop\/aroaava\/?etsrc=sdt\" target=\"_blank\" rel=\"noopener\"><span style=\"font-weight: 400;\">Aroaava<\/span><\/a><\/p><p><a href=\"https:\/\/www.ecomania.fi\/\" target=\"_blank\" rel=\"noopener\"><span style=\"font-weight: 400;\">Ecomania<\/span><\/a><\/p><p><a href=\"https:\/\/emilialehikoinen.weebly.com\/\" target=\"_blank\" rel=\"noopener\"><span style=\"font-weight: 400;\">Emilia Lehikoinen<\/span><\/a><\/p><p><a href=\"https:\/\/www.instagram.com\/emmi_valve_artist\/\" target=\"_blank\" rel=\"noopener\"><span style=\"font-weight: 400;\">Emmi Valve<\/span><\/a><\/p><p><a href=\"https:\/\/estarkorut.top\/portfolio\" target=\"_blank\" rel=\"noopener\"><span style=\"font-weight: 400;\">ESTAR \/ Taide- ja k\u00e4sity\u00f6l\u00e4isosuuskunta Oivallus<\/span><\/a><\/p><p><a href=\"https:\/\/heidikrogerus.com\/\" target=\"_blank\" rel=\"noopener\"><span style=\"font-weight: 400;\">Galerie Kroger<\/span><\/a><\/p><p><a href=\"http:\/\/maari.viridianne.fi\/\" target=\"_blank\" rel=\"noopener\"><span style=\"font-weight: 400;\">Galleria Maari\/Vanhan Porvoon Ekopuoti<\/span><\/a><\/p><p><a href=\"https:\/\/www.instagram.com\/hannen_helmet\/\" target=\"_blank\" rel=\"noopener\"><span style=\"font-weight: 400;\">Hannen_helmet<\/span><\/a><\/p><p><a href=\"https:\/\/www.instagram.com\/heidinalli.art\" target=\"_blank\" rel=\"noopener\"><span style=\"font-weight: 400;\">Heidi Nalli Art<\/span><\/a><\/p><p><a href=\"https:\/\/www.instagram.com\/jcwoodwool\/\" target=\"_blank\" rel=\"noopener\"><span style=\"font-weight: 400;\">jcwoodwool<\/span><\/a><\/p><p><a href=\"https:\/\/www.instagram.com\/studiolalera\/\" target=\"_blank\" rel=\"noopener\"><span style=\"font-weight: 400;\">Lalera<\/span><\/a><\/p><p><a href=\"https:\/\/www.lankameri.fi\/\" target=\"_blank\" rel=\"noopener\"><span style=\"font-weight: 400;\">Lankameri Oy<\/span><\/a><\/p><p><a href=\"https:\/\/www.lovisavi.fi\/\" target=\"_blank\" rel=\"noopener\"><span style=\"font-weight: 400;\">LoviSavi \/ Senap Ceramics<\/span><\/a><\/p><p><span style=\"font-weight: 400;\">Katrin tuunaukset<\/span><\/p><p><a href=\"https:\/\/www.instagram.com\/ketunpaja\" target=\"_blank\" rel=\"noopener\"><span style=\"font-weight: 400;\">Ketunpaja<\/span><\/a><\/p><p><span style=\"font-weight: 400;\">Korupaja Magpie<\/span><\/p><p><a href=\"https:\/\/www.instagram.com\/porvoonkulttuuripajakosmos\/\" target=\"_blank\" rel=\"noopener\"><span style=\"font-weight: 400;\">Kulttuuripaja Kosmos<\/span><\/a><\/p><p><a href=\"https:\/\/www.instagram.com\/madebyfannyhyrske?igsh=MXhqMW4ybGp5YXc3bg==\" target=\"_blank\" rel=\"noopener\"><span style=\"font-weight: 400;\">Madebyfannyhyrske<\/span><\/a><\/p><p><a href=\"https:\/\/manakorut.com\/\" target=\"_blank\" rel=\"noopener\"><span style=\"font-weight: 400;\">Manakorut<\/span><\/a><\/p><p><a href=\"https:\/\/www.instagram.com\/merven_keramiikka\" target=\"_blank\" rel=\"noopener\"><span style=\"font-weight: 400;\">Merven<\/span><\/a><span style=\"font-weight: 400;\">\u00a0<\/span><\/p><p><a href=\"https:\/\/www.minuus.fi\/\" target=\"_blank\" rel=\"noopener\"><span style=\"font-weight: 400;\">Minuus Oy<\/span><\/a><\/p><p><span data-sheets-root=\"1\">Monipalvelu Ukkonen ky<\/span><\/p><p><a href=\"https:\/\/www.instagram.com\/nicofors123\" target=\"_blank\" rel=\"noopener\"><span style=\"font-weight: 400;\">Nico Kaikkonen\/Nico Fors<\/span><\/a><\/p><p><a href=\"https:\/\/www.norahelsinki.com\/\" target=\"_blank\" rel=\"noopener\"><span style=\"font-weight: 400;\">Nora Helsinki<\/span><\/a><\/p><p><span style=\"font-weight: 400;\">Pieni Kynttil\u00e4 paja<\/span><\/p><p><span style=\"font-weight: 400;\">Pieni Lankakauppa<\/span><\/p><p><a href=\"https:\/\/www.instagram.com\/liikosenpetteri\/\" target=\"_blank\" rel=\"noopener\"><span style=\"font-weight: 400;\">Pietro Pietari XIII-XIV\u00a0<\/span><\/a><\/p><p><span style=\"font-weight: 400;\">Pikku k\u00e4sity\u00f6l\u00e4iset Lotta ja Sofia<\/span><\/p><p><a href=\"https:\/\/www.facebook.com\/people\/the-PointlessNoise-Productions\/100067627668049\/\" target=\"_blank\" rel=\"noopener\"><span style=\"font-weight: 400;\">Pointless Noise<\/span><\/a><\/p><p><a href=\"https:\/\/porvoontaideyhdistys.fi\/\" target=\"_blank\" rel=\"noopener\"><span style=\"font-weight: 400;\">Porvoon Taideyhdistys ry<\/span><\/a><\/p><p><a href=\"http:\/\/redblack.fi\" target=\"_blank\" rel=\"noopener\"><span style=\"font-weight: 400;\">Redblack.fi<\/span><\/a><\/p><p><a href=\"https:\/\/www.rennoinrantein.fi\/\" target=\"_blank\" rel=\"noopener\"><span style=\"font-weight: 400;\">Rennoin rantein<\/span><\/a><\/p><p><span style=\"font-weight: 400;\">RiemuAurinko<\/span><\/p><p><a href=\"https:\/\/www.serioosi.fi\/\" target=\"_blank\" rel=\"noopener\"><span style=\"font-weight: 400;\">Seri\u00f6\u00f6si<\/span><\/a><\/p><p><a href=\"https:\/\/www.instagram.com\/sorvissa_somaksi\" target=\"_blank\" rel=\"noopener\"><span style=\"font-weight: 400;\">Sorvissa Somaksi<\/span><\/a><\/p><p><a href=\"https:\/\/www.instagram.com\/tspoon_pyroart\/\" target=\"_blank\" rel=\"noopener\"><span style=\"font-weight: 400;\">T-spoon Creations<\/span><\/a><\/p><p><span style=\"font-weight: 400;\">TarunTaika<\/span><\/p><p><a href=\"https:\/\/www.thunderdogtattoo.fi\/\" target=\"_blank\" rel=\"noopener\"><span style=\"font-weight: 400;\">Thunderdog tattoo\u00a0<\/span><\/a><\/p><p><a href=\"https:\/\/tainamerilainen.com\/\" target=\"_blank\" rel=\"noopener\"><span style=\"font-weight: 400;\">TiistaiDesign<\/span><\/a><\/p><p><span style=\"font-weight: 400;\">TmiPuisetJutut<\/span><\/p><p><span data-sheets-root=\"1\">Tuula&amp;Jade<\/span><\/p><p><a href=\"https:\/\/www.instagram.com\/villanoita\/\" target=\"_blank\" rel=\"noopener\"><span style=\"font-weight: 400;\">Villanoita<\/span><\/a><\/p><p><a href=\"https:\/\/www.villisolmu.fi\/\" target=\"_blank\" rel=\"noopener\"><span style=\"font-weight: 400;\">Villisolmu<\/span><\/a><\/p><p><span style=\"font-weight: 400;\">V\u00e4ist\u00f6 ja Nikkanen<\/span><\/p><p><a href=\"https:\/\/www.instagram.com\/whiskyvaarin.verstas\/\" target=\"_blank\" rel=\"noopener\"><span style=\"font-weight: 400;\">Whisky-Vaarin verstas<\/span><\/a><\/p><p><span style=\"font-weight: 400;\">Zabrina Scarves<\/span><\/p>\t\t\t\t\t\t\t\t<\/div>\n\t\t\t\t<\/div>\n\t\t\t\t\t<\/div>\n\t\t\t\t<\/div>\n\t\t<div class=\"elementor-element elementor-element-86e6feb e-flex e-con-boxed e-con e-parent\" data-id=\"86e6feb\" data-element_type=\"container\" data-e-type=\"container\">\n\t\t\t\t\t<div class=\"e-con-inner\">\n\t\t\t\t<div class=\"elementor-element elementor-element-c95b1cf elementor-widget elementor-widget-spacer\" data-id=\"c95b1cf\" data-element_type=\"widget\" data-e-type=\"widget\" data-widget_type=\"spacer.default\">\n\t\t\t\t<div class=\"elementor-widget-container\">\n\t\t\t\t\t\t\t<div class=\"elementor-spacer\">\n\t\t\t<div class=\"elementor-spacer-inner\"><\/div>\n\t\t<\/div>\n\t\t\t\t\t\t<\/div>\n\t\t\t\t<\/div>\n\t\t\t\t\t<\/div>\n\t\t\t\t<\/div>\n\t\t\t\t<\/div>\n\t\t","protected":false},"excerpt":{"rendered":"<p>Pensselitehtaan k\u00e4sity\u00f6- ja taidefestarit12.4.2026 klo 11-17 Porvoon Pensselitehtaalla j\u00e4rjestet\u00e4\u00e4n k\u00e4sity\u00f6- ja taidefestarit!\u00a0 Sunnuntaina 12.4.2026 klo 11\u201317. N\u00e4m\u00e4 k\u00e4sity\u00f6t\u00e4 ja taidetta yhdist\u00e4v\u00e4t festarit ovat muutakin kuin myyj\u00e4iset. Tapahtuma kokoaa l\u00e4hialueen harrastajat ja ammattilaiset yhteen luovan kulttuurin \u00e4\u00e4relle ja tarjoaa festarik\u00e4vij\u00f6ille mahdollisuuksia innostua ja onnistua, itse tehden tai toisten taitoja tukien. N\u00e4ytteilleasettajiksi on ilmoittautunut monipuolinen kattaus harrastajia [&hellip;]<\/p>\n","protected":false},"author":1,"featured_media":0,"parent":0,"menu_order":0,"comment_status":"closed","ping_status":"closed","template":"","meta":{"footnotes":""},"class_list":["post-2089","page","type-page","status-publish","hentry"],"_links":{"self":[{"href":"https:\/\/www.pensselitehdas.fi\/index.php\/wp-json\/wp\/v2\/pages\/2089","targetHints":{"allow":["GET"]}}],"collection":[{"href":"https:\/\/www.pensselitehdas.fi\/index.php\/wp-json\/wp\/v2\/pages"}],"about":[{"href":"https:\/\/www.pensselitehdas.fi\/index.php\/wp-json\/wp\/v2\/types\/page"}],"author":[{"embeddable":true,"href":"https:\/\/www.pensselitehdas.fi\/index.php\/wp-json\/wp\/v2\/users\/1"}],"replies":[{"embeddable":true,"href":"https:\/\/www.pensselitehdas.fi\/index.php\/wp-json\/wp\/v2\/comments?post=2089"}],"version-history":[{"count":94,"href":"https:\/\/www.pensselitehdas.fi\/index.php\/wp-json\/wp\/v2\/pages\/2089\/revisions"}],"predecessor-version":[{"id":2262,"href":"https:\/\/www.pensselitehdas.fi\/index.php\/wp-json\/wp\/v2\/pages\/2089\/revisions\/2262"}],"wp:attachment":[{"href":"https:\/\/www.pensselitehdas.fi\/index.php\/wp-json\/wp\/v2\/media?parent=2089"}],"curies":[{"name":"wp","href":"https:\/\/api.w.org\/{rel}","templated":true}]}}